units digit of h(r)?
3
Let k(y) = -5*y - 1. Let o be k(-3). Let d = o + -9. What is the units digit of d?
5
Suppose n - 9 = 4*i, -3*i + 4 = n - 2*i. Let t = 22 + n. Suppose t = 2*s + s. What is the units digit of s?
9
Let h = -3 - -6. Let v be h*1 - (5 + -4). Suppose -3*s - 4*z = z - 44, 54 = 4*s + v*z. What is the tens digit of s?
1
Let i be 4*((-30)/(-8) + 3). Let g be (7*-1)/(1/2). Let o = i + g. What is the tens digit of o?
1
Suppose -4*l - 5*p + 298 = 0, -4*l = -3*p + p - 312. Suppose -l = -5*x + 18. What is the units digit of x?
9
What is the units digit of (-3)/6*-2 - -55?
6
Let s(r) = r**2 + 2*r + 7. Let c be 2 - -3*(-16)/6. What is the units digit of s(c)?
1
Let b(y) be the first derivative of -3*y**2 + 3*y + 1. Let x be b(2). Let w = x - -14. What is the units digit of w?
5
Let h be 5 - (2 + (-1 - -2)). Suppose 5*t = -3*l + 151, 0 = 6*t - h*t - 4*l - 140. What is the units digit of t?
2
Let p = 89 - 46. Suppose 0 = -2*w + 13 - p. Let h = w + 26. What is the units digit of h?
1
Suppose -2*h + 23 = 5. Let t = 2 - h. Let v = 1 - t. What is the units digit of v?
8
Let h(a) = a**3 + 11*a**2 + 14*a + 15. What is the tens digit of h(-8)?
9
Suppose 4*j - b - 7 = 76, -4*j - 3*b = -71. What is the units digit of j + (3 - 0) + 1?
4
Let j(i) = -2*i - 4. What is the units digit of j(-10)?
6
Let b = 4 + 3. Suppose 3*j - b*j = 8. What is the units digit of (-1)/j*(2 - -2)?
2
Suppose -3*i - 57 = -6*i. What is the tens digit of i?
1
Let q(s) = 5*s**2 + s - 4*s - 2*s - s**3 + s + 5. What is the units digit of q(2)?
9
Let f be ((-12)/(-10))/(12/40). Suppose -2*z + 4*v = -32, -z + 21 = 3*v - f*v. What is the units digit of z?
6
Suppose 2*d = -1 + 13. Suppose d*c = c - 15, -190 = 5*i - 5*c. What is the tens digit of 1/3 + i/(-3)?
1
Suppose -7*o - 30 = -10*o. Suppose -5*y + o = -0*y. Suppose 10 = y*f, 2*w + 3*w + f - 20 = 0. What is the units digit of w?
3
Let b(o) = 4*o - 4. Let g be b(-5). Let n = g + 15. What is the units digit of (-16)/n - 10/(-45)?
2
Let z = 30 - -30. What is the units digit of z?
0
Let n(o) = -4 - 2 - 3 + o. Let r be n(11). What is the units digit of (-1)/r*(-36)/6?
3
Suppose -4*u + 5*r + 74 = 0, -4*u + r + 89 - 7 = 0. What is the units digit of u?
1
Let a(n) be the third derivative of n**5/60 - 7*n**4/24 + 7*n**3/6 - n**2. Suppose -3*p + 6 = 0, 4*b - 27 = -3*p + 7. What is the units digit of a(b)?
7
What is the tens digit of (-2)/(-4)*6846/21?
6
Let w = 1 - -7. Let g(h) = 4*h + 1. Let b be g(-1). What is the tens digit of (w + b)*(-28)/(-10)?
1
Let n = 79 - 23. What is the tens digit of n?
5
Let t be 78/(-4) + 3/6. Let k = t + 32. What is the units digit of k?
3
Suppose 2*s = -2*s. What is the units digit of s + 0 + -2 - -13?
1
Let g(f) = 18*f + 11. What is the units digit of g(4)?
3
Let v = 0 + 39. What is the units digit of v?
9
Let i(g) = -g**2 - 8*g. What is the units digit of i(-4)?
6
Let p(w) = w**3 - 5*w**2 + 1. Let h be p(4). Let n be h/(-12) + (-2)/8. What is the units digit of 8 - ((-2)/n + 2)?
8
Let a = -66 - -118. What is the tens digit of a?
5
Suppose 69 + 547 = 4*g. Suppose 4*q + 46 = -g. What is the units digit of (-1)/4 - q/8?
6
Suppose 4*b = -b - q + 409, 0 = -4*q + 16. What is the tens digit of b?
8
What is the units digit of (-880)/(-25) - 2/10?
5
Suppose 0 = -2*y - 17 + 153. What is the units digit of y?
8
Let l(p) = -2*p. Let q be l(-1). Suppose 10 = 4*v - q*v. Suppose -v*k + 3 = -52. What is the tens digit of k?
1
What is the units digit of (1/4)/((-6)/(-1128))?
7
Suppose -2*k + 0*k = -12. Let w(u) = -u + 2. Let a be w(0). Suppose -a*x = -18 + k. What is the units digit of x?
6
Suppose 0 = q - 2*q + 69. What is the units digit of q?
9
Let d(l) = -2*l - 4. Let t be d(3). Suppose -3*s + 115 = 5*p - 6*s, 0 = 4*p + 4*s - 124. Let c = t + p. What is the tens digit of c?
1
What is the tens digit of (1/(-2))/((-2)/92)?
2
Let n be ((17 - 2)*1)/(-1). Let m be n/(-10)*14/3. Let t = 17 - m. What is the tens digit of t?
1
Suppose -q + w = 0, -2*q - 2*w - 7 = -3. What is the tens digit of 3 - q*(-33)/(-3)?
1
Suppose 13*f - 10*f = 1227. What is the tens digit of f?
0
Let c(d) = 3 - d + 6 + 3*d. Let y be c(10). Let t = y + -18. What is the units digit of t?
1
Suppose 2*y = -3*m - 23, 4*m = y + m - 11. Let h = y - -8. What is the units digit of h?
4
Suppose -75 = 12*j - 13*j. What is the units digit of j?
5
Suppose 14 = -4*f - z, 4 = -4*f + 3*z + z. Let s = f - -48. Suppose 4*w - c - 21 = 0, -w = -6*w + 5*c + s. What is the units digit of w?
4
Let t(j) = -12*j. Let i be t(-3). Let w(f) = -2*f + 8. Let a be w(3). Suppose -a*v = -i + 12. What is the units digit of v?
2
Suppose -2*h + 3*d = -18, -5*d - 7 = -2*h + 7. Suppose 4*l - 7*l - h = 0. What is the units digit of (-9)/(-6) - 46/l?
3
Let t(l) = -l**2 - 19*l + 4. What is the units digit of t(-13)?
2
Suppose 3*a + 2*o - 25 = -2*o, -3*a = -5*o + 11. Suppose -104 = -a*r - r. What is the units digit of r?
6
Let u = -76 + 102. What is the tens digit of u?
2
Let q(i) = i + 1. Let u be q(-2). Let t = 5 + u. Suppose 5*x - 35 = -h, 0 = t*h + 3*x - 27 - 28. What is the units digit of h?
0
Let n = 552 + -283. What is the hundreds digit of n?
2
Let f be 8/3*(-9)/6. Suppose 2*r + 5*t = 35, 3*t - 11 = -2*r + 14. Let o = r - f. What is the units digit of o?
9
Let l be 950/6 + (-6)/(-9). Suppose 111 = 6*c - l. What is the tens digit of c?
4
Let z(t) be the third derivative of 0 + 0*t - 4*t**2 + 1/2*t**3 - 1/24*t**4. What is the tens digit of z(-10)?
1
Let n = 4 - 1. Suppose -4*c - n = -c. What is the units digit of c - (0 - 4)*2?
7
Suppose u - 103 = 56. What is the tens digit of (-4)/6 + u/9?
1
Suppose -5*l = r + r, 0 = -5*r - 3*l. Suppose 4*y - 51 + 3 = r. What is the tens digit of y?
1
Suppose 2*u + 644 = 9*u. What is the units digit of u?
2
Let m(s) = -3*s - 2. Let v(z) = 4*z + 2. Let i(k) = 6*m(k) + 5*v(k). Let d(b) = 3*b**2 + b + 1. Let l be d(-1). What is the units digit of i(l)?
4
What is the tens digit of (-623)/(-28) + (-1)/4?
2
Let y(q) = 15*q**3 - 5*q**2 + 4*q + 2. What is the units digit of y(2)?
0
Suppose 4*f = 16 + 236. What is the tens digit of f?
6
Let q = 3 - 3. Suppose 0 = 2*w - q*w - 4. Suppose 0 = -w*p - l + 19, -2*p - 4*l + 36 = 14. What is the units digit of p?
9
Suppose -11 = -3*s + 4*s. Let w = s + -3. Let f = 33 + w. What is the units digit of f?
9
Let v = -2 + 7. Suppose -v*i = -i - 32. What is the units digit of i?
8
Let d(m) = -2*m - 11. What is the units digit of d(-7)?
3
Suppose c = -3*x + 4, 4*c - 19 + 3 = 2*x. Suppose 5*l - n + 19 = 0, 5*n - 12 = c*l + n. Let u(w) = -w**3 - 4*w**2 - 3*w - 3. What is the units digit of u(l)?
9
Let n(f) = -f**2 - 6*f - 4. Let q be n(-5). Let z be (1 + -5)/(-2) - -1. Let m = q + z. What is the units digit of m?
4
Let h(c) = 4*c**2 - 2*c - 2. What is the units digit of h(-2)?
8
Let f = -1 - -3. Suppose 4*a = -2*v - 4, -f = -a - 5. Let p(r) = -r**3 + 6*r**2 - 6*r + 1. What is the units digit of p(v)?
9
Suppose q - 3 = -0. What is the units digit of q?
3
Suppose 2*n = -4*o + 16 - 0, -n - 5*o = -17. Suppose 0 = -n*y - t + 9, -y + 3*t + 0*t + 8 = 0. Let g = -3 + y. What is the units digit of g?
2
Suppose 0 = n + 3*j - 50, 5*n + j - 264 = -0*j. What is the units digit of n?
3
Suppose 0 = -4*a - a + 15. Suppose 28 = 4*l - f - a*f, 0 = -3*l + 4*f + 19. Suppose -4*i + 21 - l = 0. What is the units digit of i?
3
Suppose k - 17 = 78. What is the tens digit of k?
9
Suppose 0 = 3*c - 2*i + 121 - 352, 5*c - 3*i = 384. What is the units digit of c?
5
Suppose 12 + 4 = -2*l. Let a be -2 + 1/(-2)*l. Suppose 21 = 5*v - a*v. What is the units digit of v?
7
Let x be (-2)/13 - 246/(-78). Suppose r + x*r = 24. What is the units digit of r?
6
Let r = -10 + 151. What is the units digit of r?
1
Let y(v) = -14*v - 18. What is the units digit of y(-8)?
4
What is the units digit of 129/(6 + -9)*(-3 + 1)?
6
Let b = 25 - 19. Suppose b*v - 3*v - 6 = 0. What is the units digit of v?
2
Suppose -8*j + 671 = 3*j. What is the tens digit of j?
6
Suppose 0 = 2*c + 2*c - 12. Let v(h) = h**2 - 2*h - 3. Let b be v(c). Suppose 0 = -3*r - 3, -2*l + 2*r - 6*r + 2 = b. What is the units digit of l?
3
Suppose 7*b - 2*b - 4*y = 398, 3*y - 72 = -b. What is the tens digit of b?
7
Let k = -6 - -12. What is the units digit of k?
6
Suppose 1 = 2*t - 27. What is the units digi